{"id":6576,"date":"2026-03-18T17:06:38","date_gmt":"2026-03-18T16:06:38","guid":{"rendered":"https:\/\/dev.rosabelle-lingerie.ch\/?post_type=product&#038;p=6576"},"modified":"2026-03-18T17:06:38","modified_gmt":"2026-03-18T16:06:38","slug":"maillot-de-bain-nageur-nouveau-2","status":"publish","type":"product","link":"https:\/\/dev.rosabelle-lingerie.ch\/?product=maillot-de-bain-nageur-nouveau-2","title":{"rendered":"Maillot de bain nageur (nouveau)"},"content":{"rendered":"<p>Style sport chic. Les inserts appliqu\u00e9s, presque ouvrag\u00e9s, et les coques souples toutes douces maintiennent bien tout en place lorsque vous \u00eates au bord de l&rsquo;eau, mais aussi dans l&rsquo;eau. Les empi\u00e8cements en tulle tout en finesse mettent \u00e9galement la taille en valeur et dessinent une silhouette flatteuse. Les bretelles sont con\u00e7ues pour pouvoir \u00eatre port\u00e9es de fa\u00e7on classique, mais \u00e9galement en dos nu.<\/p>\n","protected":false},"excerpt":{"rendered":"<p>Style sport chic. Les inserts appliqu\u00e9s, presque ouvrag\u00e9s, et les coques souples toutes douces maintiennent bien tout en place lorsque vous \u00eates au bord de l&rsquo;eau, mais aussi dans l&rsquo;eau. Les empi\u00e8cements en tulle tout en finesse mettent \u00e9galement la taille en valeur et dessinent une silhouette flatteuse. Les bretelles sont con\u00e7ues pour pouvoir \u00eatre port\u00e9es de fa\u00e7on classique, mais \u00e9galement en dos nu.<\/p>\n","protected":false},"featured_media":6577,"comment_status":"open","ping_status":"closed","template":"","meta":[],"product_brand":[],"product_cat":[20,185,394],"product_tag":[555],"class_list":{"0":"post-6576","1":"product","2":"type-product","3":"status-publish","4":"has-post-thumbnail","6":"product_cat-maillot-bain","7":"product_cat-mode-fashion","8":"product_cat-nouveautes","9":"product_tag-555","10":"pa_sizes-42c","11":"pa_sizes-44c","12":"pa_sizes-46c","13":"latest_post","15":"first","16":"instock","17":"shipping-taxable","18":"purchasable","19":"product-type-variable"},"_links":{"self":[{"href":"https:\/\/dev.rosabelle-lingerie.ch\/index.php?rest_route=\/wp\/v2\/product\/6576","targetHints":{"allow":["GET"]}}],"collection":[{"href":"https:\/\/dev.rosabelle-lingerie.ch\/index.php?rest_route=\/wp\/v2\/product"}],"about":[{"href":"https:\/\/dev.rosabelle-lingerie.ch\/index.php?rest_route=\/wp\/v2\/types\/product"}],"replies":[{"embeddable":true,"href":"https:\/\/dev.rosabelle-lingerie.ch\/index.php?rest_route=%2Fwp%2Fv2%2Fcomments&post=6576"}],"wp:featuredmedia":[{"embeddable":true,"href":"https:\/\/dev.rosabelle-lingerie.ch\/index.php?rest_route=\/wp\/v2\/media\/6577"}],"wp:attachment":[{"href":"https:\/\/dev.rosabelle-lingerie.ch\/index.php?rest_route=%2Fwp%2Fv2%2Fmedia&parent=6576"}],"wp:term":[{"taxonomy":"product_brand","embeddable":true,"href":"https:\/\/dev.rosabelle-lingerie.ch\/index.php?rest_route=%2Fwp%2Fv2%2Fproduct_brand&post=6576"},{"taxonomy":"product_cat","embeddable":true,"href":"https:\/\/dev.rosabelle-lingerie.ch\/index.php?rest_route=%2Fwp%2Fv2%2Fproduct_cat&post=6576"},{"taxonomy":"product_tag","embeddable":true,"href":"https:\/\/dev.rosabelle-lingerie.ch\/index.php?rest_route=%2Fwp%2Fv2%2Fproduct_tag&post=6576"}],"curies":[{"name":"wp","href":"https:\/\/api.w.org\/{rel}","templated":true}]}}