{"id":6558,"date":"2026-03-14T15:06:17","date_gmt":"2026-03-14T14:06:17","guid":{"rendered":"https:\/\/dev.rosabelle-lingerie.ch\/?post_type=product&#038;p=6558"},"modified":"2026-03-14T15:07:23","modified_gmt":"2026-03-14T14:07:23","slug":"maillot-de-bain-nageur-nouveau","status":"publish","type":"product","link":"https:\/\/dev.rosabelle-lingerie.ch\/?product=maillot-de-bain-nageur-nouveau","title":{"rendered":"Maillot de bain nageur (nouveau)"},"content":{"rendered":"<p>Magnifique maillot nageur doubl\u00e9 pour un effet gainant. Poches et bretelles r\u00e9glables. Possibilit\u00e9 de cliquer les bretelles pour une version sport.<\/p>\n","protected":false},"excerpt":{"rendered":"<p>Magnifique maillot nageur doubl\u00e9 pour un effet gainant. Poches et bretelles r\u00e9glables. Possibilit\u00e9 de cliquer les bretelles pour une version sport.<\/p>\n","protected":false},"featured_media":6560,"comment_status":"open","ping_status":"closed","template":"","meta":[],"product_brand":[],"product_cat":[50,20,394,209],"product_tag":[549],"class_list":{"0":"post-6558","1":"product","2":"type-product","3":"status-publish","4":"has-post-thumbnail","6":"product_cat-balneaire-medical","7":"product_cat-maillot-bain","8":"product_cat-nouveautes","9":"product_cat-nouveautes-de-printemps","10":"product_tag-549","11":"pa_sizes-114","12":"pa_sizes-115","13":"pa_sizes-127","14":"pa_sizes-128","15":"latest_post","17":"first","18":"instock","19":"shipping-taxable","20":"purchasable","21":"product-type-variable"},"_links":{"self":[{"href":"https:\/\/dev.rosabelle-lingerie.ch\/index.php?rest_route=\/wp\/v2\/product\/6558","targetHints":{"allow":["GET"]}}],"collection":[{"href":"https:\/\/dev.rosabelle-lingerie.ch\/index.php?rest_route=\/wp\/v2\/product"}],"about":[{"href":"https:\/\/dev.rosabelle-lingerie.ch\/index.php?rest_route=\/wp\/v2\/types\/product"}],"replies":[{"embeddable":true,"href":"https:\/\/dev.rosabelle-lingerie.ch\/index.php?rest_route=%2Fwp%2Fv2%2Fcomments&post=6558"}],"wp:featuredmedia":[{"embeddable":true,"href":"https:\/\/dev.rosabelle-lingerie.ch\/index.php?rest_route=\/wp\/v2\/media\/6560"}],"wp:attachment":[{"href":"https:\/\/dev.rosabelle-lingerie.ch\/index.php?rest_route=%2Fwp%2Fv2%2Fmedia&parent=6558"}],"wp:term":[{"taxonomy":"product_brand","embeddable":true,"href":"https:\/\/dev.rosabelle-lingerie.ch\/index.php?rest_route=%2Fwp%2Fv2%2Fproduct_brand&post=6558"},{"taxonomy":"product_cat","embeddable":true,"href":"https:\/\/dev.rosabelle-lingerie.ch\/index.php?rest_route=%2Fwp%2Fv2%2Fproduct_cat&post=6558"},{"taxonomy":"product_tag","embeddable":true,"href":"https:\/\/dev.rosabelle-lingerie.ch\/index.php?rest_route=%2Fwp%2Fv2%2Fproduct_tag&post=6558"}],"curies":[{"name":"wp","href":"https:\/\/api.w.org\/{rel}","templated":true}]}}