{"id":6404,"date":"2025-10-11T12:35:15","date_gmt":"2025-10-11T10:35:15","guid":{"rendered":"https:\/\/dev.rosabelle-lingerie.ch\/?post_type=product&#038;p=6404"},"modified":"2025-10-11T12:35:15","modified_gmt":"2025-10-11T10:35:15","slug":"pyjama-boutonne","status":"publish","type":"product","link":"https:\/\/dev.rosabelle-lingerie.ch\/?product=pyjama-boutonne","title":{"rendered":"PYJAMA BOUTONN\u00c9"},"content":{"rendered":"<div class=\"product_accordion_header\">Luxe de bien-\u00eatre et douceur fluide \u2013 pour des nuits paisibles et \u00e9l\u00e9gantes<\/div>\n<ul class=\"highlight-list\">\n<li>douceur luxueuse &amp; fluide \u2013 en TENCEL\u2122 Modal soie &amp; qualit\u00e9 interlock<\/li>\n<li>effet rafra\u00eechissant &amp; r\u00e9gulation naturelle \u2013 pour un confort constant<\/li>\n<li>coupes classiques \u2013 l\u00e9g\u00e8res &amp; confortables dans chaque mouvement<\/li>\n<li>adapt\u00e9 au linge d\u00e9licat &amp; ind\u00e9formable \u2013 belle tenue avec les bons soins<\/li>\n<li>look raffin\u00e9 en imprim\u00e9 &amp; uni \u2013 entre fantaisie et \u00e9l\u00e9gance<\/li>\n<\/ul>\n","protected":false},"excerpt":{"rendered":"<ul class=\"highlight-list\">\n<li>douceur luxueuse &amp; fluide \u2013 en TENCEL\u2122 Modal soie &amp; qualit\u00e9 interlock<\/li>\n<li>effet rafra\u00eechissant &amp; r\u00e9gulation naturelle \u2013 pour un confort constant<\/li>\n<\/ul>\n","protected":false},"featured_media":6409,"comment_status":"open","ping_status":"closed","template":"","meta":[],"product_brand":[530],"product_cat":[22,185,416,394],"product_tag":[538],"class_list":{"0":"post-6404","1":"product","2":"type-product","3":"status-publish","4":"has-post-thumbnail","6":"product_brand-calida","7":"product_cat-lingerie-de-nuit","8":"product_cat-mode-fashion","9":"product_cat-nouveaute-automne-hiver","10":"product_cat-nouveautes","11":"product_tag-538","12":"pa_sizes-m-44-46","13":"latest_post","15":"first","16":"instock","17":"shipping-taxable","18":"purchasable","19":"product-type-variable"},"_links":{"self":[{"href":"https:\/\/dev.rosabelle-lingerie.ch\/index.php?rest_route=\/wp\/v2\/product\/6404","targetHints":{"allow":["GET"]}}],"collection":[{"href":"https:\/\/dev.rosabelle-lingerie.ch\/index.php?rest_route=\/wp\/v2\/product"}],"about":[{"href":"https:\/\/dev.rosabelle-lingerie.ch\/index.php?rest_route=\/wp\/v2\/types\/product"}],"replies":[{"embeddable":true,"href":"https:\/\/dev.rosabelle-lingerie.ch\/index.php?rest_route=%2Fwp%2Fv2%2Fcomments&post=6404"}],"wp:featuredmedia":[{"embeddable":true,"href":"https:\/\/dev.rosabelle-lingerie.ch\/index.php?rest_route=\/wp\/v2\/media\/6409"}],"wp:attachment":[{"href":"https:\/\/dev.rosabelle-lingerie.ch\/index.php?rest_route=%2Fwp%2Fv2%2Fmedia&parent=6404"}],"wp:term":[{"taxonomy":"product_brand","embeddable":true,"href":"https:\/\/dev.rosabelle-lingerie.ch\/index.php?rest_route=%2Fwp%2Fv2%2Fproduct_brand&post=6404"},{"taxonomy":"product_cat","embeddable":true,"href":"https:\/\/dev.rosabelle-lingerie.ch\/index.php?rest_route=%2Fwp%2Fv2%2Fproduct_cat&post=6404"},{"taxonomy":"product_tag","embeddable":true,"href":"https:\/\/dev.rosabelle-lingerie.ch\/index.php?rest_route=%2Fwp%2Fv2%2Fproduct_tag&post=6404"}],"curies":[{"name":"wp","href":"https:\/\/api.w.org\/{rel}","templated":true}]}}