{"id":6387,"date":"2025-10-09T16:45:42","date_gmt":"2025-10-09T14:45:42","guid":{"rendered":"https:\/\/dev.rosabelle-lingerie.ch\/?post_type=product&#038;p=6387"},"modified":"2025-10-09T16:45:42","modified_gmt":"2025-10-09T14:45:42","slug":"pyjama-coton-et-soie","status":"publish","type":"product","link":"https:\/\/dev.rosabelle-lingerie.ch\/?product=pyjama-coton-et-soie","title":{"rendered":"PYJAMA COTON ET SOIE"},"content":{"rendered":"<h1 class=\"text-overlay__title super-large-text\">COTTON SILK<\/h1>\n<div class=\"text-overlay__rte rte cf align-center reading-width large-text\">\n<p class=\"p1\">Basic-Lingerie de nuit en coton avec des d\u00e9tails modernes en soie.<\/p>\n<p class=\"p1\">Ces pi\u00e8ces garantissent des nuits de r\u00eave gr\u00e2ce \u00e0 un interlock en coton merceris\u00e9 \u00e0 100% particuli\u00e8rement doux. Profitez de l&rsquo;\u00e9l\u00e9gance intemporelle et d&rsquo;un confort merveilleux.<\/p>\n<\/div>\n","protected":false},"excerpt":{"rendered":"<h1 class=\"text-overlay__title super-large-text\"><span style=\"font-size: 16px\">Basic-Lingerie de nuit en coton avec des d\u00e9tails modernes en soie.<\/span><\/h1>\n<div class=\"text-overlay__rte rte cf align-center reading-width large-text\">\n<p class=\"p1\">Ces pi\u00e8ces garantissent des nuits de r\u00eave gr\u00e2ce \u00e0 un interlock en coton merceris\u00e9 \u00e0 100% particuli\u00e8rement doux. Profitez de l&rsquo;\u00e9l\u00e9gance intemporelle et d&rsquo;un confort merveilleux.<\/p>\n<\/div>\n","protected":false},"featured_media":6389,"comment_status":"open","ping_status":"closed","template":"","meta":[],"product_brand":[531],"product_cat":[41,22,19,416,394],"product_tag":[535],"class_list":{"0":"post-6387","1":"product","2":"type-product","3":"status-publish","4":"has-post-thumbnail","6":"product_brand-hanro","7":"product_cat-lingerie","8":"product_cat-lingerie-de-nuit","9":"product_cat-lingerie-medicale","10":"product_cat-nouveaute-automne-hiver","11":"product_cat-nouveautes","12":"product_tag-535","13":"pa_sizes-l","14":"pa_sizes-m-42-44","15":"pa_sizes-s","16":"pa_sizes-xl","17":"latest_post","19":"first","20":"instock","21":"sold-individually","22":"shipping-taxable","23":"purchasable","24":"product-type-variable"},"_links":{"self":[{"href":"https:\/\/dev.rosabelle-lingerie.ch\/index.php?rest_route=\/wp\/v2\/product\/6387","targetHints":{"allow":["GET"]}}],"collection":[{"href":"https:\/\/dev.rosabelle-lingerie.ch\/index.php?rest_route=\/wp\/v2\/product"}],"about":[{"href":"https:\/\/dev.rosabelle-lingerie.ch\/index.php?rest_route=\/wp\/v2\/types\/product"}],"replies":[{"embeddable":true,"href":"https:\/\/dev.rosabelle-lingerie.ch\/index.php?rest_route=%2Fwp%2Fv2%2Fcomments&post=6387"}],"wp:featuredmedia":[{"embeddable":true,"href":"https:\/\/dev.rosabelle-lingerie.ch\/index.php?rest_route=\/wp\/v2\/media\/6389"}],"wp:attachment":[{"href":"https:\/\/dev.rosabelle-lingerie.ch\/index.php?rest_route=%2Fwp%2Fv2%2Fmedia&parent=6387"}],"wp:term":[{"taxonomy":"product_brand","embeddable":true,"href":"https:\/\/dev.rosabelle-lingerie.ch\/index.php?rest_route=%2Fwp%2Fv2%2Fproduct_brand&post=6387"},{"taxonomy":"product_cat","embeddable":true,"href":"https:\/\/dev.rosabelle-lingerie.ch\/index.php?rest_route=%2Fwp%2Fv2%2Fproduct_cat&post=6387"},{"taxonomy":"product_tag","embeddable":true,"href":"https:\/\/dev.rosabelle-lingerie.ch\/index.php?rest_route=%2Fwp%2Fv2%2Fproduct_tag&post=6387"}],"curies":[{"name":"wp","href":"https:\/\/api.w.org\/{rel}","templated":true}]}}