{"id":6315,"date":"2025-07-05T14:25:27","date_gmt":"2025-07-05T12:25:27","guid":{"rendered":"https:\/\/dev.rosabelle-lingerie.ch\/?post_type=product&#038;p=6315"},"modified":"2025-10-11T13:03:42","modified_gmt":"2025-10-11T11:03:42","slug":"nouveaute-culotte-menstruelle","status":"publish","type":"product","link":"https:\/\/dev.rosabelle-lingerie.ch\/?product=nouveaute-culotte-menstruelle","title":{"rendered":"Nouveaut\u00e9 ! Culotte menstruelle"},"content":{"rendered":"<p>Nouveaut\u00e9 chez Rosabelle Lingerie, la culotte menstruelle de chez Chantelle.<\/p>\n<p>Adapt\u00e9e \u00e0 toutes les morphologies et \u00e0 tous les flux, m\u00eame abondants, gr\u00e2ce \u00e0 sa technologie absorbante sur 3 niveaux. Elle garantit confort &amp; protection pendant 12h.<\/p>\n","protected":false},"excerpt":{"rendered":"<p>Adapt\u00e9e \u00e0 toutes les morphologies et \u00e0 tous les flux, m\u00eame abondants, gr\u00e2ce \u00e0 sa technologie absorbante sur 3 niveaux. Elle garantit confort &amp; protection pendant 12h.<\/p>\n","protected":false},"featured_media":6317,"comment_status":"open","ping_status":"closed","template":"","meta":[],"product_brand":[],"product_cat":[22,18,394],"product_tag":[],"class_list":{"0":"post-6315","1":"product","2":"type-product","3":"status-publish","4":"has-post-thumbnail","6":"product_cat-lingerie-de-nuit","7":"product_cat-lingerie-fine","8":"product_cat-nouveautes","9":"pa_sizes-114","10":"pa_sizes-115","11":"pa_sizes-127","12":"latest_post","14":"first","15":"instock","16":"shipping-taxable","17":"purchasable","18":"product-type-variable"},"_links":{"self":[{"href":"https:\/\/dev.rosabelle-lingerie.ch\/index.php?rest_route=\/wp\/v2\/product\/6315","targetHints":{"allow":["GET"]}}],"collection":[{"href":"https:\/\/dev.rosabelle-lingerie.ch\/index.php?rest_route=\/wp\/v2\/product"}],"about":[{"href":"https:\/\/dev.rosabelle-lingerie.ch\/index.php?rest_route=\/wp\/v2\/types\/product"}],"replies":[{"embeddable":true,"href":"https:\/\/dev.rosabelle-lingerie.ch\/index.php?rest_route=%2Fwp%2Fv2%2Fcomments&post=6315"}],"wp:featuredmedia":[{"embeddable":true,"href":"https:\/\/dev.rosabelle-lingerie.ch\/index.php?rest_route=\/wp\/v2\/media\/6317"}],"wp:attachment":[{"href":"https:\/\/dev.rosabelle-lingerie.ch\/index.php?rest_route=%2Fwp%2Fv2%2Fmedia&parent=6315"}],"wp:term":[{"taxonomy":"product_brand","embeddable":true,"href":"https:\/\/dev.rosabelle-lingerie.ch\/index.php?rest_route=%2Fwp%2Fv2%2Fproduct_brand&post=6315"},{"taxonomy":"product_cat","embeddable":true,"href":"https:\/\/dev.rosabelle-lingerie.ch\/index.php?rest_route=%2Fwp%2Fv2%2Fproduct_cat&post=6315"},{"taxonomy":"product_tag","embeddable":true,"href":"https:\/\/dev.rosabelle-lingerie.ch\/index.php?rest_route=%2Fwp%2Fv2%2Fproduct_tag&post=6315"}],"curies":[{"name":"wp","href":"https:\/\/api.w.org\/{rel}","templated":true}]}}