{"id":4763,"date":"2023-08-11T10:36:33","date_gmt":"2023-08-11T08:36:33","guid":{"rendered":"https:\/\/dev.rosabelle-lingerie.ch\/?post_type=product&#038;p=4763"},"modified":"2023-10-17T14:38:30","modified_gmt":"2023-10-17T12:38:30","slug":"nouveau-soutien-gorge-karolina","status":"publish","type":"product","link":"https:\/\/dev.rosabelle-lingerie.ch\/?product=nouveau-soutien-gorge-karolina","title":{"rendered":"NOUVEAU &#8211; SOUTIEN-GORGE KAROLINA"},"content":{"rendered":"<ul>\n<li>Dentelle d\u00e9licate sur les bonnets du soutien-gorge et la partie inf\u00e9rieure de la poitrine pour un look luxueux que vous adorerez.<\/li>\n<li>Dernier coloris tendance pour notre ligne Karolina<\/li>\n<li>Poches pour proth\u00e8ses en microfibre respirante, \u00e9quilibrant la temp\u00e9rature, avec une finition douce sur les deux c\u00f4t\u00e9s<\/li>\n<li>Soutien-gorge sans armatures pour un confort et un maintien maximum<\/li>\n<li>Les bretelles \u00e9lastiques sont r\u00e9glables dans le dos<\/li>\n<li>Fermeture dos padd\u00e9e<\/li>\n<\/ul>\n","protected":false},"excerpt":{"rendered":"<ul>\n<li>\n<div class=\"list-point\">Tr\u00e8s f\u00e9minin gr\u00e2ce \u00e0 sa dentelle. Les bonnets doubl\u00e9s peuvent maintenir une proth\u00e8se ou un compl\u00e9ment mammaire en cas de besoin<\/div>\n<\/li>\n<li>Bonnets dot\u00e9s de poches pouvant maintenir une proth\u00e8se ou un compl\u00e9ment mammaire en toute s\u00e9curit\u00e9<\/li>\n<li>\n<div class=\"list-point\">Bretelles \u00e9lastiques r\u00e9glables et confortables<\/div>\n<\/li>\n<\/ul>\n","protected":false},"featured_media":4765,"comment_status":"open","ping_status":"closed","template":"","meta":[],"product_brand":[],"product_cat":[41,42],"product_tag":[396],"class_list":{"0":"post-4763","1":"product","2":"type-product","3":"status-publish","4":"has-post-thumbnail","6":"product_cat-lingerie","7":"product_cat-medical","8":"product_tag-396","9":"pa_color-white","10":"pa_color-black","11":"pa_color-skin","12":"pa_sizes-a75","13":"pa_sizes-a80","14":"pa_sizes-a85","15":"pa_sizes-a90","16":"pa_sizes-a95","17":"pa_sizes-b70","18":"pa_sizes-b75","19":"pa_sizes-b80","20":"pa_sizes-b85","21":"pa_sizes-c70","22":"pa_sizes-c75","23":"pa_sizes-c80","24":"pa_sizes-c85","25":"latest_post","27":"first","28":"instock","29":"shipping-taxable","30":"purchasable","31":"product-type-variable"},"_links":{"self":[{"href":"https:\/\/dev.rosabelle-lingerie.ch\/index.php?rest_route=\/wp\/v2\/product\/4763","targetHints":{"allow":["GET"]}}],"collection":[{"href":"https:\/\/dev.rosabelle-lingerie.ch\/index.php?rest_route=\/wp\/v2\/product"}],"about":[{"href":"https:\/\/dev.rosabelle-lingerie.ch\/index.php?rest_route=\/wp\/v2\/types\/product"}],"replies":[{"embeddable":true,"href":"https:\/\/dev.rosabelle-lingerie.ch\/index.php?rest_route=%2Fwp%2Fv2%2Fcomments&post=4763"}],"wp:featuredmedia":[{"embeddable":true,"href":"https:\/\/dev.rosabelle-lingerie.ch\/index.php?rest_route=\/wp\/v2\/media\/4765"}],"wp:attachment":[{"href":"https:\/\/dev.rosabelle-lingerie.ch\/index.php?rest_route=%2Fwp%2Fv2%2Fmedia&parent=4763"}],"wp:term":[{"taxonomy":"product_brand","embeddable":true,"href":"https:\/\/dev.rosabelle-lingerie.ch\/index.php?rest_route=%2Fwp%2Fv2%2Fproduct_brand&post=4763"},{"taxonomy":"product_cat","embeddable":true,"href":"https:\/\/dev.rosabelle-lingerie.ch\/index.php?rest_route=%2Fwp%2Fv2%2Fproduct_cat&post=4763"},{"taxonomy":"product_tag","embeddable":true,"href":"https:\/\/dev.rosabelle-lingerie.ch\/index.php?rest_route=%2Fwp%2Fv2%2Fproduct_tag&post=4763"}],"curies":[{"name":"wp","href":"https:\/\/api.w.org\/{rel}","templated":true}]}}