{"id":242,"date":"2020-12-04T11:45:50","date_gmt":"2020-12-04T11:45:50","guid":{"rendered":"https:\/\/build.ernst.technology\/rosabelle-lingerie\/?post_type=product&#038;p=242"},"modified":"2022-11-25T11:32:46","modified_gmt":"2022-11-25T10:32:46","slug":"ceinture-de-soutien-apres-la-grossesse","status":"publish","type":"product","link":"https:\/\/dev.rosabelle-lingerie.ch\/?product=ceinture-de-soutien-apres-la-grossesse","title":{"rendered":"CEINTURE DE SOUTIEN ANITA"},"content":{"rendered":"<p><img loading=\"lazy\" decoding=\"async\" class=\"alignnone size-medium wp-image-246\" src=\"https:\/\/e38kxakofh.preview.infomaniak.website\/wp-content\/uploads\/2020\/12\/Maternity_newarrivals_FS19-1_Moment-300x169.jpg\" alt=\"\" width=\"300\" height=\"169\" srcset=\"https:\/\/dev.rosabelle-lingerie.ch\/wp-content\/uploads\/2020\/12\/Maternity_newarrivals_FS19-1_Moment-300x169.jpg 300w, https:\/\/dev.rosabelle-lingerie.ch\/wp-content\/uploads\/2020\/12\/Maternity_newarrivals_FS19-1_Moment-1024x576.jpg 1024w, https:\/\/dev.rosabelle-lingerie.ch\/wp-content\/uploads\/2020\/12\/Maternity_newarrivals_FS19-1_Moment-768x432.jpg 768w, https:\/\/dev.rosabelle-lingerie.ch\/wp-content\/uploads\/2020\/12\/Maternity_newarrivals_FS19-1_Moment-1536x864.jpg 1536w, https:\/\/dev.rosabelle-lingerie.ch\/wp-content\/uploads\/2020\/12\/Maternity_newarrivals_FS19-1_Moment-600x338.jpg 600w, https:\/\/dev.rosabelle-lingerie.ch\/wp-content\/uploads\/2020\/12\/Maternity_newarrivals_FS19-1_Moment.jpg 1920w\" sizes=\"auto, (max-width: 300px) 100vw, 300px\" \/><\/p>\n<p>La gaine-culotte post-accouchement ReBelt Panty favorise la r\u00e9\u00e9ducation du ventre apr\u00e8s la naissance tout en galbant ventre, hanches et fesses. Elle soutient, par ailleurs, le ventre apr\u00e8s une c\u00e9sarienne ou une op\u00e9ration abdominale. Les empi\u00e8cements \u00e9lastiques le long des jambes assurent un confort \u00e9lev\u00e9.<\/p>\n","protected":false},"excerpt":{"rendered":"<p>GAINE POST-MATERNITE, UNE AIDE ACTIVE APRES LA GROSSESSE<\/p>\n<p>EN BLANC OU NOIR<\/p>\n<p>DE LA TAILLE 60 A LA TAILLE 110<\/p>\n","protected":false},"featured_media":243,"comment_status":"open","ping_status":"closed","template":"","meta":[],"product_brand":[],"product_cat":[41,24,42],"product_tag":[79],"class_list":{"0":"post-242","1":"product","2":"type-product","3":"status-publish","4":"has-post-thumbnail","6":"product_cat-lingerie","7":"product_cat-lingerie-de-maternite","8":"product_cat-medical","9":"product_tag-79","10":"pa_sizes-111","11":"pa_sizes-112","12":"pa_sizes-113","13":"pa_sizes-114","14":"pa_sizes-115","15":"pa_sizes-127","16":"pa_sizes-128","17":"pa_sizes-171","18":"latest_post","20":"first","21":"onbackorder","22":"shipping-taxable","23":"purchasable","24":"product-type-variable"},"_links":{"self":[{"href":"https:\/\/dev.rosabelle-lingerie.ch\/index.php?rest_route=\/wp\/v2\/product\/242","targetHints":{"allow":["GET"]}}],"collection":[{"href":"https:\/\/dev.rosabelle-lingerie.ch\/index.php?rest_route=\/wp\/v2\/product"}],"about":[{"href":"https:\/\/dev.rosabelle-lingerie.ch\/index.php?rest_route=\/wp\/v2\/types\/product"}],"replies":[{"embeddable":true,"href":"https:\/\/dev.rosabelle-lingerie.ch\/index.php?rest_route=%2Fwp%2Fv2%2Fcomments&post=242"}],"wp:featuredmedia":[{"embeddable":true,"href":"https:\/\/dev.rosabelle-lingerie.ch\/index.php?rest_route=\/wp\/v2\/media\/243"}],"wp:attachment":[{"href":"https:\/\/dev.rosabelle-lingerie.ch\/index.php?rest_route=%2Fwp%2Fv2%2Fmedia&parent=242"}],"wp:term":[{"taxonomy":"product_brand","embeddable":true,"href":"https:\/\/dev.rosabelle-lingerie.ch\/index.php?rest_route=%2Fwp%2Fv2%2Fproduct_brand&post=242"},{"taxonomy":"product_cat","embeddable":true,"href":"https:\/\/dev.rosabelle-lingerie.ch\/index.php?rest_route=%2Fwp%2Fv2%2Fproduct_cat&post=242"},{"taxonomy":"product_tag","embeddable":true,"href":"https:\/\/dev.rosabelle-lingerie.ch\/index.php?rest_route=%2Fwp%2Fv2%2Fproduct_tag&post=242"}],"curies":[{"name":"wp","href":"https:\/\/api.w.org\/{rel}","templated":true}]}}