{"id":204,"date":"2020-12-04T10:28:05","date_gmt":"2020-12-04T10:28:05","guid":{"rendered":"https:\/\/build.ernst.technology\/rosabelle-lingerie\/?post_type=product&#038;p=204"},"modified":"2024-05-29T15:24:54","modified_gmt":"2024-05-29T13:24:54","slug":"leggings-de-sport-et-de-massage-anita-1695","status":"publish","type":"product","link":"https:\/\/dev.rosabelle-lingerie.ch\/?product=leggings-de-sport-et-de-massage-anita-1695","title":{"rendered":"LEGGINGS DE SPORT ET DE MASSAGE ANITA 1695"},"content":{"rendered":"<p>S&rsquo;assoit comme une seconde peau, forme la silhouette et donne de la puissance sur toute la longueur. Le massage des collants DE sport est fait d&rsquo;une structure Powerware avec des boutons 3D qui massent et tonifient la peau pendant l&rsquo;exercice. Le mat\u00e9riau de construction sp\u00e9cial avec transport de l&rsquo;humidit\u00e9 assure un climat corporel parfait.<\/p>\n","protected":false},"excerpt":{"rendered":"<p>LEGGINGS DE SPORT ET DE MASSAGE ANITA<\/p>\n<p>1695 EN NOIR\u00a0 \u00a0CHF 109.90<\/p>\n<p>TAILLE 36 &#8211; 48<\/p>\n","protected":false},"featured_media":207,"comment_status":"open","ping_status":"closed","template":"","meta":[],"product_brand":[],"product_cat":[41,23,42],"product_tag":[72],"class_list":{"0":"post-204","1":"product","2":"type-product","3":"status-publish","4":"has-post-thumbnail","6":"product_cat-lingerie","7":"product_cat-lingerie-de-sport","8":"product_cat-medical","9":"product_tag-72","10":"pa_color-bleu","11":"pa_color-black","12":"pa_sizes-111","13":"pa_sizes-112","14":"pa_sizes-113","15":"pa_sizes-114","16":"pa_sizes-115","17":"pa_sizes-127","18":"pa_sizes-128","19":"latest_post","21":"first","22":"instock","23":"shipping-taxable","24":"purchasable","25":"product-type-variable"},"_links":{"self":[{"href":"https:\/\/dev.rosabelle-lingerie.ch\/index.php?rest_route=\/wp\/v2\/product\/204","targetHints":{"allow":["GET"]}}],"collection":[{"href":"https:\/\/dev.rosabelle-lingerie.ch\/index.php?rest_route=\/wp\/v2\/product"}],"about":[{"href":"https:\/\/dev.rosabelle-lingerie.ch\/index.php?rest_route=\/wp\/v2\/types\/product"}],"replies":[{"embeddable":true,"href":"https:\/\/dev.rosabelle-lingerie.ch\/index.php?rest_route=%2Fwp%2Fv2%2Fcomments&post=204"}],"wp:featuredmedia":[{"embeddable":true,"href":"https:\/\/dev.rosabelle-lingerie.ch\/index.php?rest_route=\/wp\/v2\/media\/207"}],"wp:attachment":[{"href":"https:\/\/dev.rosabelle-lingerie.ch\/index.php?rest_route=%2Fwp%2Fv2%2Fmedia&parent=204"}],"wp:term":[{"taxonomy":"product_brand","embeddable":true,"href":"https:\/\/dev.rosabelle-lingerie.ch\/index.php?rest_route=%2Fwp%2Fv2%2Fproduct_brand&post=204"},{"taxonomy":"product_cat","embeddable":true,"href":"https:\/\/dev.rosabelle-lingerie.ch\/index.php?rest_route=%2Fwp%2Fv2%2Fproduct_cat&post=204"},{"taxonomy":"product_tag","embeddable":true,"href":"https:\/\/dev.rosabelle-lingerie.ch\/index.php?rest_route=%2Fwp%2Fv2%2Fproduct_tag&post=204"}],"curies":[{"name":"wp","href":"https:\/\/api.w.org\/{rel}","templated":true}]}}