{"id":1847,"date":"2020-12-09T13:20:12","date_gmt":"2020-12-09T13:20:12","guid":{"rendered":"https:\/\/e38kxakofh.preview.infomaniak.website\/?post_type=product&#038;p=1847"},"modified":"2020-12-09T13:20:12","modified_gmt":"2020-12-09T13:20:12","slug":"soutien-gorge-a-armatures-fleur","status":"publish","type":"product","link":"https:\/\/dev.rosabelle-lingerie.ch\/?product=soutien-gorge-a-armatures-fleur","title":{"rendered":"SOUTIEN-GORGE A ARMATURES &#8211; FLEUR"},"content":{"rendered":"<p><strong>R\u00e9f\u00e9rence article 5653<\/strong><\/p>\n<p>De la dentelle raffin\u00e9e\u00a0: Le soutien-gorge \u00e0 armatures Fleur (disponible jusqu&rsquo;au bonnet J) impressionne par son design en dentelle florale et son joli noeud au niveau du d\u00e9collet\u00e9. Ses armatures int\u00e9gr\u00e9es offrent un support parfait.<\/p>\n","protected":false},"excerpt":{"rendered":"<p>SOUTIEN-GORGE FLEUR A ARMATURES<\/p>\n<p>NACRE<\/p>\n<p>&nbsp;<\/p>\n","protected":false},"featured_media":1883,"comment_status":"open","ping_status":"closed","template":"","meta":[],"product_brand":[],"product_cat":[41,18],"product_tag":[168],"class_list":{"0":"post-1847","1":"product","2":"type-product","3":"status-publish","4":"has-post-thumbnail","6":"product_cat-lingerie","7":"product_cat-lingerie-fine","8":"product_tag-168","9":"pa_cups-b","10":"pa_cups-c","11":"pa_cups-d","12":"pa_cups-e","13":"pa_cups-f","14":"pa_sizes-98","15":"pa_sizes-105","16":"pa_sizes-110","17":"pa_sizes-37","18":"pa_sizes-94","19":"pa_sizes-95","20":"pa_sizes-96","21":"latest_post","23":"first","24":"instock","25":"shipping-taxable","26":"purchasable","27":"product-type-variable"},"_links":{"self":[{"href":"https:\/\/dev.rosabelle-lingerie.ch\/index.php?rest_route=\/wp\/v2\/product\/1847","targetHints":{"allow":["GET"]}}],"collection":[{"href":"https:\/\/dev.rosabelle-lingerie.ch\/index.php?rest_route=\/wp\/v2\/product"}],"about":[{"href":"https:\/\/dev.rosabelle-lingerie.ch\/index.php?rest_route=\/wp\/v2\/types\/product"}],"replies":[{"embeddable":true,"href":"https:\/\/dev.rosabelle-lingerie.ch\/index.php?rest_route=%2Fwp%2Fv2%2Fcomments&post=1847"}],"wp:featuredmedia":[{"embeddable":true,"href":"https:\/\/dev.rosabelle-lingerie.ch\/index.php?rest_route=\/wp\/v2\/media\/1883"}],"wp:attachment":[{"href":"https:\/\/dev.rosabelle-lingerie.ch\/index.php?rest_route=%2Fwp%2Fv2%2Fmedia&parent=1847"}],"wp:term":[{"taxonomy":"product_brand","embeddable":true,"href":"https:\/\/dev.rosabelle-lingerie.ch\/index.php?rest_route=%2Fwp%2Fv2%2Fproduct_brand&post=1847"},{"taxonomy":"product_cat","embeddable":true,"href":"https:\/\/dev.rosabelle-lingerie.ch\/index.php?rest_route=%2Fwp%2Fv2%2Fproduct_cat&post=1847"},{"taxonomy":"product_tag","embeddable":true,"href":"https:\/\/dev.rosabelle-lingerie.ch\/index.php?rest_route=%2Fwp%2Fv2%2Fproduct_tag&post=1847"}],"curies":[{"name":"wp","href":"https:\/\/api.w.org\/{rel}","templated":true}]}}